 is the hundred thousands digit of 356519?
3
What is the thousands digit of 1085627?
5
What is the hundreds digit of 3856001?
0
What is the units digit of 1839999?
9
What is the thousands digit of 714105?
4
What is the units digit of 85582?
2
What is the units digit of 1940891?
1
What is the hundred thousands digit of 6009305?
0
What is the ten thousands digit of 1224388?
2
What is the hundred thousands digit of 14336425?
3
What is the millions digit of 13826192?
3
What is the units digit of 1300253?
3
What is the tens digit of 351514?
1
What is the tens digit of 329252?
5
What is the thousands digit of 3296833?
6
What is the hundred thousands digit of 321202?
3
What is the ten thousands digit of 97813?
9
What is the ten millions digit of 24053149?
2
What is the hundred thousands digit of 351666?
3
What is the hundred thousands digit of 3575858?
5
What is the units digit of 113198?
8
What is the tens digit of 345190?
9
What is the hundreds digit of 1627088?
0
What is the millions digit of 8490205?
8
What is the hundred thousands digit of 3998084?
9
What is the units digit of 18151615?
5
What is the ten thousands digit of 12516618?
1
What is the millions digit of 7381236?
7
What is the tens digit of 64426?
2
What is the hundred thousands digit of 1085551?
0
What is the ten thousands digit of 185916?
8
What is the tens digit of 117069?
6
What is the units digit of 5532656?
6
What is the tens digit of 421149?
4
What is the thousands digit of 140014?
0
What is the tens digit of 2040546?
4
What is the ten thousands digit of 117920?
1
What is the tens digit of 377594?
9
What is the units digit of 7948463?
3
What is the ten thousands digit of 121988?
2
What is the ten thousands digit of 100527?
0
What is the hundred thousands digit of 267575?
2
What is the ten thousands digit of 15985765?
8
What is the units digit of 25317040?
0
What is the millions digit of 4653979?
4
What is the hundred thousands digit of 32228321?
2
What is the hundred thousands digit of 362184?
3
What is the millions digit of 5647306?
5
What is the units digit of 19309624?
4
What is the hundreds digit of 692919?
9
What is the ten millions digit of 10526852?
1
What is the millions digit of 2290307?
2
What is the hundred thousands digit of 36789576?
7
What is the tens digit of 568589?
8
What is the millions digit of 13464207?
3
What is the millions digit of 10793944?
0
What is the hundred thousands digit of 8150595?
1
What is the thousands digit of 30386689?
6
What is the ten thousands digit of 358542?
5
What is the ten thousands digit of 7996276?
9
What is the hundreds digit of 5379757?
7
What is the millions digit of 4144560?
4
What is the hundreds digit of 5911135?
1
What is the thousands digit of 660869?
0
What is the millions digit of 15366987?
5
What is the units digit of 182562?
2
What is the units digit of 5411778?
8
What is the thousands digit of 1158136?
8
What is the tens digit of 1304105?
0
What is the units digit of 56729?
9
What is the tens digit of 563335?
3
What is the units digit of 308717?
7
What is the tens digit of 181384?
8
What is the units digit of 1595901?
1
What is the thousands digit of 1727959?
7
What is the millions digit of 3470734?
3
What is the units digit of 22321805?
5
What is the thousands digit of 10113298?
3
What is the thousands digit of 654807?
4
What is the thousands digit of 280002?
0
What is the hundred thousands digit of 1454361?
4
What is the ten thousands digit of 2470727?
7
What is the millions digit of 1226210?
1
What is the tens digit of 99350?
5
What is the tens digit of 2545538?
3
What is the millions digit of 4008901?
4
What is the tens digit of 10298?
9
What is the tens digit of 982595?
9
What is the units digit of 9084273?
3
What is the hundred thousands digit of 552752?
5
What is the ten millions digit of 15001442?
1
What is the thousands digit of 403470?
3
What is the ten thousands digit of 931210?
3
What is the units digit of 74806?
6
What is the hundred thousands digit of 4316895?
3
What is the hundred thousands digit of 737367?
7
What is the units digit of 150287?
7
What is the thousands digit of 90157?
0
What is the hundreds digit of 105952?
9
What is the millions digit of 15895563?
5
What is the units digit of 3403118?
8
What is the hundred thousands digit of 138689?
1
What is the tens digit of 320188?
8
What is the tens digit of 252499?
9
What is the hundreds digit of 32979381?
3
What is the hundreds digit of 113668?
6
What is the units digit of 990051?
1
What is the hundreds digit of 104734?
7
What is the tens digit of 2809141?
4
What is the hundreds digit of 485?
4
What is the units digit of 3462681?
1
What is the hundreds digit of 454936?
9
What is the hundreds digit of 1343153?
1
What is the hundreds digit of 58573?
5
What is the units digit of 5940258?
8
What is the units digit of 13950728?
8
What is the units digit of 1615664?
4
What is the ten thousands digit of 433198?
3
What is the thousands digit of 1044037?
4
What is the tens digit of 9816322?
2
What is the ten thousands digit of 1424741?
2
What is the hundreds digit of 32498?
4
What is the units digit of 11327404?
4
What is the thousands digit of 1687644?
7
What is the thousands digit of 7293170?
3
What is the ten thousands digit of 873322?
7
What is the tens digit of 110738?
3
What is the ten thousands digit of 5344899?
4
What is the thousands digit of 3423015?
3
What is the thousands digit of 10644758?
4
What is the tens digit of 551716?
1
What is the ten thousands digit of 7668041?
6
What is the millions digit of 1590084?
1
What is the ten thousands digit of 521130?
2
What is the hundred thousands digit of 192252?
1
What is the hundred thousands digit of 178529?
1
What is the hundreds digit of 1319037?
0
What is the tens digit of 9585158?
5
What is the thousands digit of 258435?
8
What is the units digit of 222719?
9
What is the thousands digit of 686797?
6
What is the ten thousands digit of 4150743?
5
What is the hundreds digit of 6583442?
4
What is the ten thousands digit of 458500?
5
What is the tens digit of 966641?
4
What is the tens digit of 64874?
7
What is the hundreds digit of 18791754?
7
What is the thousands digit of 11798012?
8
What is the units digit of 5731651?
1
What is the hundred thousands digit of 411423?
4
What is the hundred thousands digit of 379641?
3
What is the hundreds digit of 6758753?
7
What is the units digit of 3003109?
9
What is the tens digit of 558973?
7
What is the tens digit of 7609047?
4
What is the units digit of 8812613?
3
What is the tens digit of 170252?
5
What is the ten thousands digit of 634039?
3
What is the units digit of 2902?
2
What is the ten thousands digit of 171566?
7
What is the millions digit of 3093649?
3
What is the ten thousands digit of 24092864?
9
What is the tens digit of 1144598?
9
What is the units digit of 35457280?
0
What is the hundreds digit of 616422?
4
What is the units digit of 18531495?
5
What is the units digit of 11061?
1
What is the hundred thousands digit of 152806?
1
What is the hundreds digit of 5340715?
7
What is the thousands digit of 17607466?
7
What is the ten thousands digit of 1123953?
2
What is the tens digit of 653994?
9
What is the thousands digit of 8373636?
3
What is the hundreds digit of 213981?
9
What is the millions digit of 1024035?
1
What is the thousands digit of 432448?
2
What is the hundreds digit of 171034?
0
What is the hundreds digit of 1973406?
4
What is the units digit of 18756621?
1
What is the hundred thousands digit of 20728981?
7
What is the ten thousands digit of 1293067?
9
What is the thousands digit of 748943?
8
What is the units digit of 721729?
9
What is the thousands digit of 4301040?
1
What is the hundred thousands digit of 137003?
1
What is the tens digit of 4204190?
9
What is the ten millions digit of 36645315?
3
What is the thousands digit of 3340231?
0
What is the ten thousands digit of 1743973?
4
What is the tens digit of 973583?
8
What is the hundred thousands digit of 205981?
2
What is the tens digit of 6328002?
0
What is the thousands digit of 3952388?
2
What is the ten thousands digit of 1375557?
7
What is the thousands digit of 328978?
8
What is the tens digit of 827394?
9
What is the millions digit of 3947525?
3
What is the hundreds di